ve k(-2).
5
Let g(a) = 9*a**2 - 69*a + 82. What is g(6)?
-8
Let u(o) = 3*o**3 - 32*o**2 - 25*o + 103. Calculate u(11).
-51
Let s(v) = 27*v**2 - 346*v - 79. Determine s(13).
-14
Let n(v) = 138*v - 400. Give n(2).
-124
Let x(n) = -861*n - 12901. Give x(-15).
14
Let x(v) = -2*v**3 + 26*v**2 - 18*v - 189. Determine x(12).
-117
Let w(u) = u**3 - 15*u**2 - 54*u - 423. Determine w(19).
-5
Let r(d) = d**3 + 12*d**2 + 17*d + 1. Calculate r(-11).
-65
Let i(p) = -212*p**2 - 12722*p - 115. Calculate i(-60).
5
Let d(v) = -145*v**2 - 1593*v - 5. Determine d(-11).
-27
Let k(n) = -n**2 + 24*n + 933. What is k(45)?
-12
Let d(m) = 11*m - 347. What is d(30)?
-17
Let b(f) = -13*f**2 + 140*f + 37. Calculate b(11).
4
Let c(m) = 7*m**2 - 136*m + 22. Give c(19).
-35
Let p(y) = -2*y**2 - 9*y + 62. Give p(-11).
-81
Let b(o) = o**3 + 67*o**2 + 255*o + 204. Give b(-63).
15
Let i(l) = 2*l - 22. Determine i(-36).
-94
Let h(w) = -189*w + 13036. Give h(69).
-5
Let y(d) = d**3 - 13*d**2 + 35*d + 214. Determine y(12).
490
Let c(q) = q**3 - 53*q**2 - 5*q + 194. Determine c(53).
-71
Let a(c) = -c**3 - 31*c**2 - 27*c - 55. Give a(-30).
-145
Let m(a) = -13*a + 175. Give m(13).
6
Let w(m) = -48*m + 37. Give w(2).
-59
Let y(l) = -76*l + 261. What is y(3)?
33
Let z(b) = 15*b**2 - 83*b + 29. Determine z(7).
183
Let c(g) = g**3 + 91*g**2 + 77*g - 1203. Determine c(-90).
-33
Let a(i) = i**3 + 6*i**2 - 3*i + 148. Calculate a(-9).
-68
Let k(o) = -2*o**2 - 12*o + 1. Determine k(10).
-319
Let x(b) = -21*b**3 + 654*b**2 - 94*b + 38. Calculate x(31).
7
Let o(b) = -1628*b + 200241. Calculate o(123).
-3
Let r(o) = o**2 - 81*o + 1358. Determine r(24).
-10
Let m(r) = -51*r - 964. Calculate m(-19).
5
Let s(d) = d**2 - 115*d + 2104. Calculate s(23).
-12
Let c(n) = -n**3 - 32*n**2 - 113*n + 23. Calculate c(-28).
51
Let s(r) = -504*r + 11585. Determine s(23).
-7
Let t(s) = -2*s**3 + 7*s**2 - 35*s + 106. Give t(4).
-50
Let g(q) = 91*q - 442. Calculate g(6).
104
Let g(t) = 3*t**2 - 40*t + 73. What is g(4)?
-39
Let v(k) = k**3 + 2*k**2 - 193*k - 20. What is v(13)?
6
Let x(c) = -c**3 - 11*c**2 - 4*c + 139. Determine x(-7).
-29
Let b(c) = -c**3 - 5*c**2 - 125*c - 786. What is b(-6)?
0
Let s(p) = 20*p - 127. Give s(18).
233
Let g(h) = 36*h + 388. Calculate g(-17).
-224
Let a(j) = -25*j + 61. Give a(4).
-39
Let a(r) = 2*r**3 + 14*r**2 + 19*r + 36. Calculate a(-6).
-6
Let f(k) = -k**3 - 23*k**2 + 21*k + 1377. What is f(-21)?
54
Let b(v) = -9*v**2 - 719*v + 789. Give b(-81).
-21
Let f(u) = 210*u + 9035. What is f(-43)?
5
Let j(l) = 432*l + 1330. Give j(-3).
34
Let n(w) = 213*w + 8279. Give n(-38).
185
Let p(g) = g**3 - 9*g**2 + 11*g + 43. Give p(5).
-2
Let k(b) = -4709*b + 4714. Give k(1).
5
Let h(u) = 3*u**2 + 39*u + 69. What is h(-10)?
-21
Let c(v) = -2*v**3 + 15*v**2 + 52*v - 28. What is c(10)?
-8
Let p(w) = 3*w**2 + 39*w - 211. Determine p(-17).
-7
Let b(s) = -11*s - 833. Give b(-79).
36
Let m(c) = 27*c**3 - 138*c**2 + 4*c + 52. Give m(5).
-3
Let f(p) = 3*p**2 - 301*p - 2200. Calculate f(-7).
54
Let l(n) = 30*n + 244. Determine l(-14).
-176
Let u(d) = 10*d**2 - 180*d + 796. What is u(7)?
26
Let p(w) = -15*w + 417. Determine p(24).
57
Let d(x) = 58*x + 12. Calculate d(1).
70
Let r(y) = -y**2 + 66*y - 261. Calculate r(5).
44
Let f(t) = -704*t + 6325. Give f(9).
-11
Let g(x) = -x**3 - 31*x**2 - 172*x - 82. Calculate g(-24).
14
Let a(d) = -2*d**2 + 660*d + 8204. Determine a(-12).
-4
Let z(s) = s**3 - 4*s**2 + 507*s + 1534. What is z(-3)?
-50
Let a(c) = 2*c**2 - 29*c - 30. Calculate a(13).
-69
Let p(m) = -m**2 - 147*m - 993. What is p(-7)?
-13
Let v(d) = 17*d**3 - 4*d**2 + 19*d - 30. Determine v(2).
128
Let u(d) = d**2 - 5*d - 99. Give u(6).
-93
Let k(m) = 2465*m - 19717. What is k(8)?
3
Let f(i) = 4044*i - 24266. Calculate f(6).
-2
Let l(x) = -x**3 + 6*x**2 + 47*x + 78. Calculate l(11).
-10
Let q(o) = 549*o**3 - 3*o**2 - 8*o - 6. What is q(-1)?
-550
Let m(s) = 4*s**2 + 124*s + 488. Give m(-28).
152
Let r(p) = -p**3 + 61*p**2 - 58*p - 102. Give r(60).
18
Let g(f) = f**2 + 186*f + 3337. Give g(-20).
17
Let s(t) = 2*t**2 - 13*t + 97. Calculate s(5).
82
Let n(b) = -b**2 + 42*b + 335. Give n(-7).
-8
Let n(f) = f**3 - 2*f**2 - 33*f + 35. Determine n(6).
-19
Let j(a) = 5*a**3 + 7*a**2 - 15*a - 6. Give j(2).
32
Let z(i) = 53*i**2 + 217*i - 19. Give z(-4).
-39
Let b(i) = i**3 - 31*i**2 - 46*i - 641. Give b(33).
19
Let x(f) = -2*f**3 - 14*f**2 - 20*f - 71. What is x(-6)?
-23
Let i(o) = 3*o**3 + 100*o**2 - 7*o - 1322. Determine i(-33).
-2
Let n(i) = i**3 - 23*i**2 - 108*i - 2. Determine n(27).
-2
Let f(u) = 8*u**2 + 1136*u - 12. Determine f(-142).
-12
Let c(q) = -9*q - 65. Determine c(-20).
115
Let o(j) = j + 51. Give o(18).
69
Let o(i) = -4*i**3 - 32*i**2 + 41*i + 42. What is o(-9)?
-3
Let g(j) = -2*j**3 + 31*j**2 - 30*j + 219. What is g(15)?
-6
Let x(c) = c**2 + 9*c - 93. Determine x(0).
-93
Let l(v) = -48*v - 532. Determine l(-10).
-52
Let v(d) = -d**2 - 776*d - 5389. Determine v(-7).
-6
Let m(y) = y**3 - 26*y**2 - 118*y - 50. Give m(30).
10
Let i(t) = t**3 - 7*t**2 - 5*t + 47. What is i(6)?
-19
Let o(k) = 18*k**3 + k**2 + 6*k - 7. Determine o(3).
506
Let x(v) = 6*v + 524. Determine x(-79).
50
Let x(u) = 2*u**2 + 13*u - 2. Give x(8).
230
Let c(h) = h**2 + 23*h - 133. Give c(-27).
-25
Let z(n) = -142*n**2 - 9*n + 1. Determine z(-1).
-132
Let v(f) = 5*f**2 + 75*f - 187. What is v(3)?
83
Let g(z) = z**3 + 9*z**2 - 111*z - 778. Give g(-7).
97
Let h(f) = -2*f**3 - 19*f**2 + 14*f + 40. What is h(-11)?
249
Let m(w) = w**2 + 11*w - 677. What is m(21)?
-5
Let z(n) = 3*n**2 - 69*n - 1. Give z(23).
-1
Let y(o) = o**2 + 13*o - 360. Give y(-25).
-60
Let v(j) = -202*j + 8635. Calculate v(43).
-51
Let y(j) = -13*j - 546. What is y(-36)?
-78
Let p(r) = -8*r**2 - 198*r - 153. What is p(-26)?
-413
Let f(w) = -9*w**2 + 967*w + 2529. Give f(110).
-1
Let g(j) = -j**3 - 10*j**2 + 117*j + 16. Give g(7).
2
Let h(j) = -83*j - 9365. Calculate h(-113).
14
Let t(v) = v**3 + 8*v**2 - 84*v - 616. Determine t(-10).
24
Let z(k) = -k**2 + 47*k - 242. What is z(39)?
70
Let z(a) = -3*a**2 + 477*a + 4536. Determine z(168).
0
Let t(k) = -k**2 + 3*k + 150. Give t(16).
-58
Let w(c) = 9*c - 766. Calculate w(86).
8
Let w(d) = 53*d + 238. Determine w(-5).
-27
Let x(r) = 159*r**2 + 5*r - 7. Calculate x(1).
157
Let z(w) = -3*w**3 - 38*w**2 + 11*w - 37. Determine z(-13).
-11
Let r(x) = 7*x**2 - 3*x - 24. Calculate r(2).
-2
Let x(y) = y**3 + 51*y**2 + 177*y - 18. Determine x(-4).
26
Let g(p) = -3*p**2 - 147*p - 548. What is g(-4)?
-8
Let q(k) = 11*k**2 + 3*k + 78. Calculate q(0).
78
Let q(r) = -r**2 + 5*r + 58. Give q(-5).
8
Let r(q) = -21*q - 538. Calculate r(-26).
8
Let n(l) = l**2 + 89*l - 168. Determine n(-91).
14
Let v(h) = h**3 - 64*h**2 + 976*h - 24. Give v(25).
1
Let g(b) = 136*b**2 + 125*b + 2. Calculate g(-2).
296
Let x(u) = u**2 + 7*u - 1. Give x(-9).
17
Let f(z) = -z**3 + 2*z**2 + 36*z + 60. Give f(-2).
4
Let t(f) = -f**3 - 13*f**2 + 37*f + 589. Determine t(-12).
1
Let t(u) = -u**2 - 22*u - 104. Give t(-28).
-272
Let p(u) = -u**3 + 17*u**2 + 55*u + 133. Determine p(20).
33
Let t(i) = -13*i + 151. Give t(-10).
281
Let c(n) = n**3 + 53*n**2 + n + 45. Determine c(-53).
-8
Let k(z) = 16*z + 47. Determine k(-2).
15
Let h(u) = 1278*u + 7660. Calculate h(-6).
-8
Let l(y) = -y**3 - 14*y**2 - 58*y - 776. What is l(-14)?
36
Let g(j) = 102*j + 4442. Give g(-43).
56
Let f(a) = -a**3 - 208*a**2 - 9376*a - 572. Determine f(-142).
-4
Let n(r) = 3*r**2 + 246*r + 7. Give n(-82).
7
Let j(x) = 94*x + 395. Determine j(-7).
-263
Let t(a) = 25*a - 200. Determine t(9).
25
Let t(h) = 5*h**3 + 110*h**2 + 9*h - 101. What is t(-22)?
-299
Let o(g) = 91*g + 5148. Determine o(-57).
-39
Let n(t) = -49*t**2 + 1371*t + 17. Determine n(28).
-11
Let q(z) = -2*z**2 + 28*z + 179. Calculate q(-7).
-115
Let n(j) = -7*j**3 + 28*j**2 + 5*j - 20. Give n(4).
0
Let r(h) = 21*h - 52. Calculate r(8).
116
Let v(m) = m**2 - 56*m + 493. Give v(46).
33
Let u(i) = -59*i + 1339. What is u(23)?
-18
Let k(h) = -h**3 - 7*h**2 - 3*h - 52. Give k(-8).
36
Let k(v) = 5209*v - 5240. Give k(1).
-31
Let r(u) = -9*u - 282. Calculate r(-31).
-3
Let c(d) = -237*d - 824. Give c(-5).
361
Let i(s) = -s**3 - s**2 - 41*s - 51. What is i(0)?
-51
Let b(y) = -99*y + 1657. Calculate b(17).
-26
Let c(n) = -2*n**3 + 2*n